Convert -3423012 (base 5) to base 6.
-1150235
23112032030 (base 4) to base 7
34166213
What is 112210022310 (base 4) in base 14?
adda28
-876514 (base 9) to base 5
-113214421
1d187 (base 15) to base 5
11013402
Convert -13c0bc (base 13) to base 8.
-1660247
What is 14766031 (base 8) in base 6?
200533333
-ec204 (base 15) to base 12
-301a34
What is -15076161 (base 8) in base 13?
-935857
What is 39536 (base 13) in base 14?
2aa82
What is 1021222012211 (base 3) in base 4?
2220003031
-1166953 (base 10) to base 12
-4833a1
What is 1054163 (base 11) in base 16?
1c3ba8
Convert -17b2a (base 16) to base 5.
-11101231
Convert -7633473 (base 8) to base 2.
-111110011011100111011
-58351 (base 10) to base 7
-332056
624432 (base 7) to base 14
2b119
Convert 210202110202 (base 3) to base 5.
102201032
-454533 (base 10) to base 2
-1101110111110000101
-6067a (base 11) to base 5
-10314114
What is 10111100101000011001 (base 2) in base 9?
1406761
Convert -23107 (base 8) to base 13.
-45ca
Convert 223422 (base 8) to base 5.
4404123
Convert a69a6 (base 12) to base 9.
363550
Convert -2b807b (base 12) to base 10.
-739679
Convert -254771 (base 10) to base 14.
-68bbd
What is 1befe8 (base 16) in base 6?
103124200
80853a (base 14) to base 7
51524003
-8a312 (base 14) to base 8
-1217014
Convert 11715723 (base 8) to base 10.
2595795
-1033442 (base 9) to base 12
-2284b5
What is 513447 (base 9) in base 14?
7ccc0
-69106 (base 12) to base 14
-390c6
What is -329916 (base 12) in base 7?
-6561312
What is 162453 (base 8) in base 3?
2222110212
Convert 28758 (base 12) to base 4.
31300310
What is 249506 (base 10) in base 5?
30441011
667594 (base 11) to base 15
1604a2
-7aa8c (base 14) to base 9
-504335
What is 32333122 (base 5) in base 15?
5725c
Convert -2502316 (base 7) to base 12.
-135357
Convert 6dc9b (base 15) to base 4.
1111210013
What is -20002222110112 (base 3) in base 9?
-6088415
-1021112122002 (base 3) to base 8
-2457721
90c80b (base 13) to base 12
1165a44
2714646 (base 8) to base 11
47a199
Convert -695591 (base 10) to base 11.
-435676
What is -2202110 (base 4) in base 15?
-3128
Convert -100001110111111001 (base 2) to base 11.
-95272
What is -11112111112 (base 3) in base 6?
-1525235
-1ace7b (base 15) to base 14
-26127d
-1199571 (base 12) to base 4
-31013103211
-be597 (base 16) to base 7
-6425044
What is -10000110111010111110100 (base 2) in base 15?
-5c4e58
-23332200120 (base 4) to base 13
-85c074
What is -2e008a (base 16) in base 12?
-101480a
Convert 100002101033 (base 4) to base 6.
230033035
Convert -82245 (base 11) to base 10.
-120081
-469245 (base 10) to base 14
-c3017
What is -87339d (base 15) in base 2?
-11000100100010110000011
100002012121212 (base 3) to base 15
6550c5
-169961 (base 12) to base 8
-1372031
Convert 2420453 (base 6) to base 14.
344c9
What is -111110201220220 (base 3) in base 10?
-7159452
-111011001011111010 (base 2) to base 14
-644c2
What is b0a80 (base 16) in base 10?
723584
What is 346517 (base 10) in base 3?
122121022222
12406431 (base 9) to base 16
5ce075
2210201131 (base 4) to base 14
137829
What is 5c61a4 (base 14) in base 16?
3052c4
20120243 (base 6) to base 9
1058320
Convert 220121120011 (base 3) to base 11.
300a93
5346251 (base 7) to base 10
650462
What is -3680a07 (base 11) in base 9?
-13033211
What is 110001101110100100110111 (base 2) in base 11?
73a4016
Convert -2052601 (base 8) to base 4.
-2011112001
Convert -2824c8 (base 13) to base 6.
-32531540
Convert 21443042 (base 5) to base 13.
67317
What is 3a1dbc (base 15) in base 10?
2790852
What is 41416540 (base 7) in base 6?
202400341
Convert -2211012220 (base 3) to base 6.
-1105123
1100010001010000100 (base 2) to base 15
7e1d7
What is -291459a (base 12) in base 16?
-7dbb46
Convert 41402220 (base 5) to base 9.
568606
What is 5f1e5 (base 16) in base 6?
12203421
Convert 20424164 (base 7) to base 13.
4831c7
What is 62cac (base 13) in base 4?
223130022
What is -2220120102 (base 3) in base 6?
-1121102
-2001311 (base 7) to base 12
-b4558
What is 328165 (base 9) in base 7?
1445063
What is 30571624 (base 8) in base 6?
350554340
-b5a65 (base 12) to base 10
-238253
Convert -5202046 (base 10) to base 13.
-1101a45
Convert -223125111 (base 6) to base 3.
-21122210202121
1745132 (base 12) to base 3
100001212012202
What is -101010001010002 (base 3) in base 5?
-2333434041
What is -1000010110111000110 (base 2) in base 8?
-1026706
3238d6 (base 15) to base 16
247dcd
What is 120132310 (base 4) in base 13?
36847
Convert -273373 (base 9) to base 3.
-22110102110
-29bf44 (base 16) to base 4
-22123331010
What is 1312222042 (base 5) in base 4?
30113202203
131055031 (base 6) to base 3
11211202101201
Convert -4540345 (base 10) to base 9.
-8480157
5727304 (base 9) to base 13
84202c
Convert 1120201221110 (base 3) to base 6.
30010320
What is -100000111010111000 (base 2) in base 7?
-1101056
Convert -55405652 (base 7) to base 11.
-2771782
Convert -615226 (base 9) to base 7.
-3046140
What is -613a47 (base 11) in base 4?
-3300301121
What is -344440 (base 6) in base 4?
-13031220
Convert -18719 (base 12) to base 10.
-35589
-ba0a (base 15) to base 11
-27655
e9606 (base 15) to base 5
142143411
Convert -41143433 (base 5) to base 2.
-1010001100110100011
What is -25025d (base 15) in base 11?
-1000705
-10660540 (base 7) to base 10
-939064
Convert 1170623 (base 8) to base 4.
1033012103
-666768 (base 9) to base 2
-1100001010101000111
What is 310123033022 (base 4) in base 14?
1b7a586
-286600 (base 9) to base 16
-2ad56
-211011020000022 (base 3) to base 10
-11774816
Convert 110000010110101111000110 (base 2) to base 6.
1131405210
Convert -378c8 (base 13) to base 3.
-12012201012
Convert -18943 (base 13) to base 5.
-3011323
Convert -133143442 (base 5) to base 15.
-d5d4c
-23587241 (base 9) to base 8
-53726720
-202122210200022 (base 3) to base 13
-23754b6
What is -30411400 (base 5) in base 16?
-3c7ad
What is -71349 (base 16) in base 7?
-3640602
What is -336e41 (base 16) in base 5?
-1330324221
What is -eb5035 (base 15) in base 10?
-11205050
79628b (base 12) to base 13
52b881
What is 41418 (base 16) in base 11?
1728aa
-64522 (base 7) to base 4
-3322213
-63b0b (base 13) to base 14
-4976b
Convert -22322033232 (base 4) to base 14.
-5463ca
-1476032 (base 9) to base 7
-6644513
7bab11 (base 12) to base 2
111100101100010111101
-100011100110111110010 (base 2) to base 10
-1166834
What is 112002110 (base 4) in base 12?
44298
What is -202001201011 (base 3) in base 7?
-3233221
Convert 224850 (base 11) to base 12.
15302b
Convert 21399 (base 12) to base 11.
2a962
2432324 (base 5) to base 16
b38c
Convert -183317 (base 9) to base 6.
-2235411
What is 7653a0 (base 11) in base 8?
4523273
360530 (base 10) to base 13
c8141
Convert -87d26e (base 16) to base 14.
-1279c62
What is -1809604 (base 10) in base 6?
-102441444
What is -4182a (base 12) in base 2?
-10100111101100010
Convert 25b68 (base 12) to base 8.
145100
Convert 2000001010 (base 3) to base 15.
ba16
21202112211 (base 3) to base 5
14342021
What is -598936 (base 11) in base 10?
-948800
-1620715 (base 11) to base 5
-1202034022
What is 1852663 (base 9) in base 5?
231214024
What is -b03fd (base 16) in base 13?
-1c3791
What is 24fade (base 16) in base 10?
2423518
What is -1cc6d7 (base 15) in base 3?
-2122120200111
What is -12010033331 (base 4) in base 8?
-6041775
Convert 40343 (base 13) to base 6.
2243302
Convert -101133111 (base 4) to base 16.
-117d5
Convert -280950 (base 10) to base 4.
-1010211312
Convert 1060443 (base 7) to base 2.
100000010010111010
2045580 (base 9) to base 12
448800
What is -320420504 (base 6) in base 3?
-101121011110211
What is -779115 (base 10) in base 11?
-4923a7
Convert -21354565 (base 8) to base 13.
-c43792
What is -786612 (base 9) in base 4?
-1302322232
Convert 2200713 (base 11) to base 12.
1365399
Convert -1202300033 (base 4) to base 13.
-112160
-10101101110000111111 (base 2) to base 7
-6023024
Convert -20022220022220 (base 3) to base 14.
-637c6a
-220330020 (base 4) to base 9
-275020
What is 124013312 (base 6) in base 7?
26432135
What is -20425044 (base 7) in base 11?
-a75a01
What is 112410025 (base 7) in base 5?
3231041130
Convert -67276 (base 8) to base 10.
-28350
17527442 (base 8) to base 16
3eaf22
380a48 (base 11) to base 15
bd37d
Convert 3202224 (base 6) to base 12.
76374
-1110000110001011 (base 2